{"id":216,"date":"2023-09-08T20:08:24","date_gmt":"2023-09-08T20:08:24","guid":{"rendered":"https:\/\/timerecorder.no\/westerstrand\/?post_type=product&#038;p=216"},"modified":"2023-10-04T07:53:50","modified_gmt":"2023-10-04T07:53:50","slug":"digitalt-panelur-innendors","status":"publish","type":"product","link":"https:\/\/timerecorder.no\/westerstrand\/sortiment\/tid\/digitale-ur\/digitale-innendors-ur\/digitalt-panelur-innendors\/","title":{"rendered":"Digitalt panelur &#8211; Innend\u00f8rs"},"content":{"rendered":"<p><strong>Generelt<\/strong><br \/>\nDigitalt panelur med fuderal i svart norylplast og front i polyester. Med r\u00f8de lysdiodesegment. Digitaluret har innebygd dimmer som reguleres automatiskt.<\/p>\n<p>Gjennom programmering g\u00e5r det att veksle visningsmodus mellom tid\/ dato \/ temperatur. (For visning av lufttemperatur kreves en temperaturf\u00f8ler \u2013 kj\u00f8pes separat).<\/p>\n<p><strong>Styresystem<\/strong><br \/>\nKlokken g\u00e5r \u00e5 f\u00e5 med <a href=\"http:\/\/westerstrand.test\/sortiment\/produktkategori\/tid\/styresystem\/impuls\/\"><strong>Impuls<\/strong><\/a>,\u00a0<a href=\"http:\/\/westerstrand.test\/sortiment\/produktkategori\/tid\/styresystem\/tidkode\/\"><strong>Tidkode<\/strong><\/a>,\u00a0<a href=\"http:\/\/westerstrand.test\/sortiment\/produktkategori\/tid\/styresystem\/ntp\/\"><strong>NTP<\/strong><\/a>, eller som\u00a0<a href=\"http:\/\/westerstrand.test\/sortiment\/produktkategori\/tid\/styresystem\/frittstaende\/\"><strong>Frittst\u00e5ende<\/strong><\/a>.<\/p>\n<p><strong>Montering<\/strong><br \/>\nFor innfelling i konsoll kun DIN 43700 eller for innfelling i vegg.<\/p>\n<p><strong>Str\u00f8mavbrudd<\/strong><br \/>\nVed str\u00f8mavbrudd slukkes lysdiodene. En intern klokke regner opp tiden i ca 48 timer. N\u00e5r str\u00f8mforsyningen gjenopprettes tennes lysdiodene og digitalklokken viser riktig tid.<\/p>\n","protected":false},"excerpt":{"rendered":"<p>&#8211; Futteral i svart norylplast.<br \/>\n&#8211; Front i polyester.<br \/>\n&#8211; Lysdiodesegment i r\u00f8dt.<br \/>\n&#8211; Innebygd dimmer.<br \/>\n&#8211; For innfelling i konsoll eller vegg.<\/p>\n","protected":false},"featured_media":448,"template":"","meta":{"_seopress_robots_primary_cat":"","_seopress_titles_title":"","_seopress_titles_desc":"","_seopress_robots_index":""},"product_brand":[],"product_cat":[48,47,36,60,62,39,65,21,59,34,43,67],"product_tag":[103,104,105,106],"class_list":{"0":"post-216","1":"product","2":"type-product","3":"status-publish","4":"has-post-thumbnail","6":"product_cat-digitale-innendors-ur","7":"product_cat-digitale-ur","8":"product_cat-flyplass","9":"product_cat-frittstaende-ur","10":"product_cat-impuls","11":"product_cat-industri","12":"product_cat-ntp","13":"product_cat-sortiment","14":"product_cat-styresystem","15":"product_cat-systemlosninger","16":"product_cat-tid","17":"product_cat-tidkode","18":"product_tag-digitale-ur","19":"product_tag-flyplass","20":"product_tag-industri","21":"product_tag-ip52","23":"first","24":"instock","25":"shipping-taxable","26":"product-type-simple"},"meta_box":[],"_links":{"self":[{"href":"https:\/\/timerecorder.no\/westerstrand\/wp-json\/wp\/v2\/product\/216","targetHints":{"allow":["GET"]}}],"collection":[{"href":"https:\/\/timerecorder.no\/westerstrand\/wp-json\/wp\/v2\/product"}],"about":[{"href":"https:\/\/timerecorder.no\/westerstrand\/wp-json\/wp\/v2\/types\/product"}],"wp:featuredmedia":[{"embeddable":true,"href":"https:\/\/timerecorder.no\/westerstrand\/wp-json\/wp\/v2\/media\/448"}],"wp:attachment":[{"href":"https:\/\/timerecorder.no\/westerstrand\/wp-json\/wp\/v2\/media?parent=216"}],"wp:term":[{"taxonomy":"product_brand","embeddable":true,"href":"https:\/\/timerecorder.no\/westerstrand\/wp-json\/wp\/v2\/product_brand?post=216"},{"taxonomy":"product_cat","embeddable":true,"href":"https:\/\/timerecorder.no\/westerstrand\/wp-json\/wp\/v2\/product_cat?post=216"},{"taxonomy":"product_tag","embeddable":true,"href":"https:\/\/timerecorder.no\/westerstrand\/wp-json\/wp\/v2\/product_tag?post=216"}],"curies":[{"name":"wp","href":"https:\/\/api.w.org\/{rel}","templated":true}]}}