{"id":578,"date":"2023-09-12T11:44:53","date_gmt":"2023-09-12T11:44:53","guid":{"rendered":"https:\/\/timerecorder.no\/westerstrand\/?post_type=product&#038;p=578"},"modified":"2023-09-12T11:44:53","modified_gmt":"2023-09-12T11:44:53","slug":"resultattavle-basic-led-140-multisport","status":"publish","type":"product","link":"https:\/\/timerecorder.no\/westerstrand\/sortiment\/sport\/resultattavler\/multisport\/resultattavle-basic-led-140-multisport\/","title":{"rendered":"Resultattavle Basic LED-140 &#8211; Multisport"},"content":{"rendered":"<p><strong>Generelt<\/strong><br \/>\nResultattavle med innebygd sir\u00e9ne og siffer av\u00a0 r\u00f8de lysdioder i SMD-teknikk.\u00a0 Designet gj\u00f8r at den passer utmerket for de fleste innend\u00f8rssporter.<br \/>\nTavlen styres via styreenheten med forh\u00e5ndsprogrammerte regler til de respektive sportene og finnes ogs\u00e5 med radiostyrt eller kablet tilkobling.<\/p>\n<p><strong>Match\/Spilletid<\/strong><br \/>\nOpp- eller nedtelling vises med fire siffer, min og sek.<\/p>\n<p><strong>Resultat<\/strong><br \/>\n000-999 (tre siffer pr. lag)<\/p>\n<p><strong>Periode<\/strong><br \/>\n1-9 vises med ett siffer<\/p>\n<p><strong>Utvisning\/serve\/foul<\/strong><br \/>\nVises med prikker, tre prikker pr. lag<\/p>\n<p><strong>Time-out<\/strong><br \/>\nNedtelling av time-out vises i steden for matchtid og antall vises med prikker.<\/p>\n<p><strong>Sir\u00e9ne<\/strong><br \/>\nAvgir automatisk signal ved matchslutt, time-out og pauser.<br \/>\nGjennom knappetrykking kan sir\u00e9nen ogs\u00e5 sl\u00e5s p\u00e5 ved et valgfritt tidspunkt.<\/p>\n<p><strong>Tegnh\u00f8yde<\/strong><br \/>\n140 mm (resultat og tid), 120 mm (periode)<\/p>\n","protected":false},"excerpt":{"rendered":"<p>&#8216;- Innebygd sir\u00e9ne.<br \/>\n&#8211; Kan kombineres med skuddklokker.<br \/>\n&#8211; Styres via styreenhet med forh\u00e5ndsprogrammerte regler.<br \/>\n&#8211; Resultattavlen finnes for radiostyrt eller kablet tilkobling.<br \/>\n&#8211; Passer utmerket for mindre haller.<br \/>\n&#8211; Passer til badminton, basket, futsal, h\u00e5ndball, innebandy, innend\u00f8rsfotball, tennis og volleyball.<\/p>\n","protected":false},"featured_media":583,"template":"","meta":{"_seopress_robots_primary_cat":"","_seopress_titles_title":"","_seopress_titles_desc":"","_seopress_robots_index":""},"product_brand":[],"product_cat":[24,23,21,22],"product_tag":[140,102,100],"class_list":{"0":"post-578","1":"product","2":"type-product","3":"status-publish","4":"has-post-thumbnail","6":"product_cat-multisport","7":"product_cat-resultattavler","8":"product_cat-sortiment","9":"product_cat-sport","10":"product_tag-basic-led-140","11":"product_tag-multisport","12":"product_tag-resultattavle","14":"first","15":"instock","16":"shipping-taxable","17":"product-type-simple"},"meta_box":[],"_links":{"self":[{"href":"https:\/\/timerecorder.no\/westerstrand\/wp-json\/wp\/v2\/product\/578","targetHints":{"allow":["GET"]}}],"collection":[{"href":"https:\/\/timerecorder.no\/westerstrand\/wp-json\/wp\/v2\/product"}],"about":[{"href":"https:\/\/timerecorder.no\/westerstrand\/wp-json\/wp\/v2\/types\/product"}],"wp:featuredmedia":[{"embeddable":true,"href":"https:\/\/timerecorder.no\/westerstrand\/wp-json\/wp\/v2\/media\/583"}],"wp:attachment":[{"href":"https:\/\/timerecorder.no\/westerstrand\/wp-json\/wp\/v2\/media?parent=578"}],"wp:term":[{"taxonomy":"product_brand","embeddable":true,"href":"https:\/\/timerecorder.no\/westerstrand\/wp-json\/wp\/v2\/product_brand?post=578"},{"taxonomy":"product_cat","embeddable":true,"href":"https:\/\/timerecorder.no\/westerstrand\/wp-json\/wp\/v2\/product_cat?post=578"},{"taxonomy":"product_tag","embeddable":true,"href":"https:\/\/timerecorder.no\/westerstrand\/wp-json\/wp\/v2\/product_tag?post=578"}],"curies":[{"name":"wp","href":"https:\/\/api.w.org\/{rel}","templated":true}]}}