{"id":585,"date":"2023-09-12T11:51:44","date_gmt":"2023-09-12T11:51:44","guid":{"rendered":"https:\/\/timerecorder.no\/westerstrand\/?post_type=product&#038;p=585"},"modified":"2026-03-03T13:07:53","modified_gmt":"2026-03-03T12:07:53","slug":"resultattavle-f300-450b","status":"publish","type":"product","link":"https:\/\/timerecorder.no\/westerstrand\/sortiment\/sport\/sportspesifikk\/bandy-fotball-rugby\/resultattavle-f300-450b\/","title":{"rendered":"Resultattavle F300\/450B"},"content":{"rendered":"<p><strong>Generelt<\/strong><br \/>\nResultattavle med siffer av lysdioder i SMD-teknikk.\u00a0 Designet gj\u00f8r at den passer utmerket for bla. fotball og bandy.\u00a0 Tavlen styres via radiostyrt styreenhet. Viser resultat og matchtid for p\u00e5g\u00e5ende match. Det er ogs\u00e5 mulighet for temperaturf\u00f8ler. Tavlen vil da veksle mellom tid og temperatur n\u00e5r den ikke er i bruk \/ st\u00e5r i standby.<\/p>\n<p><strong>Resultat<\/strong><br \/>\n00-99 (to siffer pr. lag).<br \/>\nSiffer av ekstra sterke lysdioder for utend\u00f8rsbruk.<\/p>\n<p><strong>Match\/Spilletid<\/strong><br \/>\nOpp- eller nedtelling vises med 4 siffer (minutter og sekunder).<br \/>\nLokaltid kan vises n\u00e5r ingen match p\u00e5g\u00e5r.<\/p>\n<p><strong>Tegnh\u00f8yde<\/strong><br \/>\n300 mm (F300B)<br \/>\n450 mm (F450B)<\/p>\n","protected":false},"excerpt":{"rendered":"<p class=\"wp-block-heading\"><strong>V\u00c5RKAMPANJE FREM TIL 01.07.26<br \/>\n<\/strong><br \/>\n<strong>&#8211; Nyhet: WEB styring<\/strong><br \/>\n&#8211; Tydelig resultattavle for mindre arenaer.<br \/>\n&#8211; VIser resultat og matchtid.<br \/>\n&#8211; Siffer av ekstra sterke lysdioder for utend\u00f8rsbruk.<br \/>\n&#8211; Resultattavlen styres via radiostyrt styreenhet med integrert antenne.<br \/>\n&#8211; Mulighet for temperatursensor<\/p>\n","protected":false},"featured_media":588,"template":"","meta":{"_seopress_robots_primary_cat":"none","_seopress_titles_title":"","_seopress_titles_desc":"","_seopress_robots_index":""},"product_brand":[],"product_cat":[27,37,23,21,22,26],"product_tag":[141,99,100],"class_list":{"0":"post-585","1":"product","2":"type-product","3":"status-publish","4":"has-post-thumbnail","6":"product_cat-bandy-fotball-rugby","7":"product_cat-fotballarena","8":"product_cat-resultattavler","9":"product_cat-sortiment","10":"product_cat-sport","11":"product_cat-sportspesifikk","12":"product_tag-f300-450b","13":"product_tag-fotballarena","14":"product_tag-resultattavle","16":"first","17":"instock","18":"shipping-taxable","19":"product-type-simple"},"meta_box":[],"_links":{"self":[{"href":"https:\/\/timerecorder.no\/westerstrand\/wp-json\/wp\/v2\/product\/585","targetHints":{"allow":["GET"]}}],"collection":[{"href":"https:\/\/timerecorder.no\/westerstrand\/wp-json\/wp\/v2\/product"}],"about":[{"href":"https:\/\/timerecorder.no\/westerstrand\/wp-json\/wp\/v2\/types\/product"}],"wp:featuredmedia":[{"embeddable":true,"href":"https:\/\/timerecorder.no\/westerstrand\/wp-json\/wp\/v2\/media\/588"}],"wp:attachment":[{"href":"https:\/\/timerecorder.no\/westerstrand\/wp-json\/wp\/v2\/media?parent=585"}],"wp:term":[{"taxonomy":"product_brand","embeddable":true,"href":"https:\/\/timerecorder.no\/westerstrand\/wp-json\/wp\/v2\/product_brand?post=585"},{"taxonomy":"product_cat","embeddable":true,"href":"https:\/\/timerecorder.no\/westerstrand\/wp-json\/wp\/v2\/product_cat?post=585"},{"taxonomy":"product_tag","embeddable":true,"href":"https:\/\/timerecorder.no\/westerstrand\/wp-json\/wp\/v2\/product_tag?post=585"}],"curies":[{"name":"wp","href":"https:\/\/api.w.org\/{rel}","templated":true}]}}