{"id":662,"date":"2023-09-13T07:08:42","date_gmt":"2023-09-13T07:08:42","guid":{"rendered":"https:\/\/timerecorder.no\/westerstrand\/?post_type=product&#038;p=662"},"modified":"2023-09-13T07:50:23","modified_gmt":"2023-09-13T07:50:23","slug":"hovedur-q","status":"publish","type":"product","link":"https:\/\/timerecorder.no\/westerstrand\/sortiment\/tid\/sentralur\/hovedur\/hovedur-q\/","title":{"rendered":"Hovedur Q"},"content":{"rendered":"<p><strong>Generelt<\/strong><br \/>\nHoveduret er hjernen i et tidgivningssystem. Her finnes all intelligens s\u00e5nn som sommer\/vintertidomstilling, rettstilling etter et str\u00f8mavbrudd etc.<\/p>\n<p>Den har en forh\u00e5ndsprogrammert \u00e5rskalender\/almanakk der \u00e5rets r\u00f8de dager er allerede innprogrammert.<\/p>\n<p>I hoveduret kan man velge hvilken type av kommunikasjon den skal styre sekund\u00e6rurene med. Eksempvelvis 24 V DC polvekslende minuttimpulser, Tidkode eller NTP om opsjonen Ethernetkort bygges inn i hoveduret.<\/p>\n<p>Vil man ha en ekstra h\u00f8y gangn\u00f8yaktighet,\u00a0 s\u00e5 kan en ekstern signalmottaker av type GPS tilkobles til hoveduret.<\/p>\n<p><strong>Str\u00f8mavbrudd<\/strong><br \/>\nVed et str\u00f8mavbrudd s\u00e5 beholder hoveduret sine innstillinger opp til 72 timer. N\u00e5r str\u00f8mmen tilbake innenfor den tiden, s\u00e5 rettstiller hoveduret automatisk alle klokker i systemet.<\/p>\n","protected":false},"excerpt":{"rendered":"<p>&#8211; En enhet som styrer alle innkoblede klokker i ett tidgivningssystem.<br \/>\n&#8211; Automatisk sommer\/vintertidsomstilling.<br \/>\n&#8211; Automatisk rettstilling etter eksempelvis str\u00f8mavbrudd.<br \/>\n&#8211; Impulsutgang for styring av ulike typer av klokker.<br \/>\n&#8211; Passer til WDP-Q, WDP-Q2<\/p>\n","protected":false},"featured_media":663,"template":"","meta":{"_seopress_robots_primary_cat":"","_seopress_titles_title":"","_seopress_titles_desc":"","_seopress_robots_index":""},"product_brand":[],"product_cat":[55,38,62,65,53,41,21,59,34,43,67],"product_tag":[150,75,109,84,128,80,125,112,133],"class_list":{"0":"post-662","1":"product","2":"type-product","3":"status-publish","4":"has-post-thumbnail","6":"product_cat-hovedur","7":"product_cat-idrettshall","8":"product_cat-impuls","9":"product_cat-ntp","10":"product_cat-sentralur","11":"product_cat-skole","12":"product_cat-sortiment","13":"product_cat-styresystem","14":"product_cat-systemlosninger","15":"product_cat-tid","16":"product_cat-tidkode","17":"product_tag-hovedur","18":"product_tag-idrettshall","19":"product_tag-impuls","20":"product_tag-ip65","21":"product_tag-ntp","22":"product_tag-sentralur","23":"product_tag-skole","24":"product_tag-styresystem","25":"product_tag-tidkode","27":"first","28":"instock","29":"shipping-taxable","30":"product-type-simple"},"meta_box":[],"_links":{"self":[{"href":"https:\/\/timerecorder.no\/westerstrand\/wp-json\/wp\/v2\/product\/662","targetHints":{"allow":["GET"]}}],"collection":[{"href":"https:\/\/timerecorder.no\/westerstrand\/wp-json\/wp\/v2\/product"}],"about":[{"href":"https:\/\/timerecorder.no\/westerstrand\/wp-json\/wp\/v2\/types\/product"}],"wp:featuredmedia":[{"embeddable":true,"href":"https:\/\/timerecorder.no\/westerstrand\/wp-json\/wp\/v2\/media\/663"}],"wp:attachment":[{"href":"https:\/\/timerecorder.no\/westerstrand\/wp-json\/wp\/v2\/media?parent=662"}],"wp:term":[{"taxonomy":"product_brand","embeddable":true,"href":"https:\/\/timerecorder.no\/westerstrand\/wp-json\/wp\/v2\/product_brand?post=662"},{"taxonomy":"product_cat","embeddable":true,"href":"https:\/\/timerecorder.no\/westerstrand\/wp-json\/wp\/v2\/product_cat?post=662"},{"taxonomy":"product_tag","embeddable":true,"href":"https:\/\/timerecorder.no\/westerstrand\/wp-json\/wp\/v2\/product_tag?post=662"}],"curies":[{"name":"wp","href":"https:\/\/api.w.org\/{rel}","templated":true}]}}